271?
-155
In base 7, what is 443 - -64?
540
In base 11, what is -49 + -a0?
-139
In base 16, what is -2 - 3385?
-3387
In base 6, what is 10 + -10522523?
-10522513
In base 3, what is 10122 + 2121?
20020
In base 9, what is -66 + -537?
-614
In base 15, what is 0 + 3616?
3616
In base 15, what is -13 - a88?
-a9b
In base 12, what is bb + 1a77?
1b76
In base 2, what is 110100110010110001 - -10?
110100110010110011
In base 6, what is 3 + -13141?
-13134
In base 12, what is -6 + -31a82?
-31a88
In base 4, what is -1033 - -210222?
203123
In base 9, what is 58465 + 4?
58470
In base 10, what is 4056052 - -5?
4056057
In base 10, what is 4 + 6558?
6562
In base 9, what is 221 - 2038?
-1717
In base 3, what is -10 - -1121120012?
1121120002
In base 5, what is 12403041 + 12?
12403103
In base 9, what is 6 - -1038123?
1038130
In base 9, what is -5 - -1316307?
1316302
In base 10, what is -8586 - -23?
-8563
In base 4, what is -3333333 - 3?
-10000002
In base 15, what is -9 + -69?
-73
In base 10, what is -68 + -60?
-128
In base 10, what is -6436 - -92?
-6344
In base 9, what is -18385 - 21?
-18416
In base 9, what is 1341 + 660?
2111
In base 12, what is 3b49 + 237?
4184
In base 10, what is -5820 + -4?
-5824
In base 9, what is -3 - -15357?
15354
In base 3, what is -10212210 - 12011?
-11001221
In base 5, what is -1 - -312030?
312024
In base 14, what is -29914 - 1?
-29915
In base 9, what is -2 + 1888?
1886
In base 13, what is -1c68 - -9?
-1c5c
In base 4, what is -221300 - -310?
-220330
In base 10, what is 31 - 192?
-161
In base 4, what is 32300 - -32?
32332
In base 2, what is 10000010000011 + 1001?
10000010001100
In base 8, what is 17 - -3506?
3525
In base 4, what is 320 - -13203?
20123
In base 11, what is 69645 + -5?
69640
In base 9, what is -2 - 418604?
-418606
In base 8, what is -4 + 11611?
11605
In base 3, what is -11 + 12021210?
12021122
In base 14, what is 3491 - 68?
3427
In base 3, what is 1102 + 1022121?
1101000
In base 12, what is 19290 - 4?
19288
In base 11, what is 221a3 + 2?
221a5
In base 4, what is -103303302 + -1?
-103303303
In base 5, what is 10 - -400243?
400303
In base 16, what is -882 + -e9?
-96b
In base 9, what is 4153366 - -2?
4153368
In base 6, what is 5 - 43000533?
-43000524
In base 4, what is 1 - 2013203?
-2013202
In base 13, what is 852c + 4?
8533
In base 16, what is d109 - 8?
d101
In base 3, what is 12 - 22101112000?
-22101111211
In base 8, what is -573626 - 0?
-573626
In base 11, what is -2 + 8285?
8283
In base 11, what is -51608 - -2?
-51606
In base 14, what is 3 - ad81?
-ad7c
In base 5, what is 44 + 1421?
2020
In base 2, what is 11000010 - -10100000?
101100010
In base 2, what is -1001100 + -111000011111?
-111001101011
In base 3, what is 1020002 - 10222?
1002010
In base 10, what is 6 + 2?
8
In base 9, what is 63148 + -6?
63142
In base 3, what is -20122 - 1101102?
-1122001
In base 4, what is 21 - 1201320013?
-1201313332
In base 2, what is 111100 - -1110100?
10110000
In base 7, what is -4 - 3321?
-3325
In base 14, what is -87 + 547?
4a0
In base 8, what is -32 - 17145?
-17177
In base 7, what is 3 + 34062?
34065
In base 13, what is -166 - 4b1?
-647
In base 15, what is 5a + 16?
71
In base 15, what is -7254b - 1?
-7254c
In base 3, what is 11 + 2101100110221?
2101100111002
In base 4, what is 1 + -12102120?
-12102113
In base 13, what is 12 + -1c?
-a
In base 16, what is -3d - 52?
-8f
In base 5, what is 341 + -1241222?
-1240331
In base 4, what is -10012032 + 2?
-10012030
In base 12, what is -b9245 - -4?
-b9241
In base 9, what is -6 - 237502?
-237508
In base 6, what is -13 + -145524?
-145541
In base 7, what is -4521643 + 1?
-4521642
In base 4, what is 13022003 - -21?
13022030
In base 14, what is -29614 + 11?
-29603
In base 16, what is b - -20ae?
20b9
In base 15, what is 4 + -568a?
-5686
In base 5, what is -10 + -130133220?
-130133230
In base 7, what is 3 + -26646?
-26643
In base 8, what is 47 - -3631?
3700
In base 15, what is -2c + -29bb?
-29e8
In base 16, what is c - -25ea?
25f6
In base 6, what is -204 + -40312?
-40520
In base 6, what is 444525 - 11?
444514
In base 5, what is -1430 - 142?
-2122
In base 3, what is 10 + 20011110?
20011120
In base 16, what is 485b + 3?
485e
In base 13, what is -2 + -b86a7?
-b86a9
In base 15, what is -a6c + 9?
-a63
In base 2, what is 1000110001 + 1000111010?
10001101011
In base 13, what is -1 - 3ca25?
-3ca26
In base 12, what is 249 - 7a6?
-559
In base 12, what is 5b - 2167?
-2108
In base 16, what is -a573 + -5?
-a578
In base 3, what is 1 - -100211010?
100211011
In base 13, what is 1384 + 2a?
13b1
In base 12, what is 24b69 + 18?
24b85
In base 5, what is 11122 + -42?
11030
In base 5, what is 10 + -231233?
-231223
In base 3, what is 100 - 11222211?
-11222111
In base 5, what is -1404 + 114244?
112340
In base 4, what is -20 + -12311223?
-12311303
In base 7, what is -1454 - 13252?
-15036
In base 5, what is -2113412 + 12?
-2113400
In base 10, what is -1366 + 4?
-1362
In base 8, what is -14162 - 5?
-14167
In base 13, what is -57ba - -47?
-5773
In base 16, what is -3 + 32b?
328
In base 12, what is -6 - -b020?
b016
In base 12, what is 376505 - -5?
37650a
In base 8, what is -23153 + -20?
-23173
In base 14, what is 3 + 152090?
152093
In base 10, what is -1 - -363068?
363067
In base 12, what is 35 + -23250?
-23217
In base 8, what is -3 + -41212?
-41215
In base 16, what is -402 + 20?
-3e2
In base 2, what is -11 - 110001000110011110110?
-110001000110011111001
In base 12, what is -3 + -269002?
-269005
In base 9, what is 205158 - -1?
205160
In base 5, what is 230313131 - 0?
230313131
In base 16, what is -2442 - -5?
-243d
In base 15, what is 21e9 - -9?
2203
In base 16, what is -2ab + -f?
-2ba
In base 2, what is 0 + 1000011110001001011?
1000011110001001011
In base 9, what is -1358 - 136?
-1505
In base 13, what is 7b5 - -1?
7b6
In base 13, what is -1 + 16a73?
16a72
In base 10, what is -125 - -19196?
19071
In base 13, what is -2 - -5721?
571c
In base 6, what is 33 - -224223?
224300
In base 10, what is -126946 + -1?
-126947
In base 5, what is -14210332 - 10?
-14210342
In base 3, what is 2112 + 220021?
222210
In base 14, what is -310 + 185?
-169
In base 9, what is -3258 - 6?
-3265
In base 9, what is 17567 - 5?
17562
In base 3, what is -2200 + -111012?
-120212
In base 2, what is 11100 - 10100111011?
-10100011111
In base 7, what is -45056 + 53?
-45003
In base 12, what is 1 - 1550b4?
-1550b3
In base 14, what is -3c - -5cb?
58d
In base 12, what is -412786 - 2?
-412788
In base 4, what is -32 + 10200?
10102
In base 4, what is -133223033 - -11?
-133223022
In base 11, what is a2766 + 6?
a2771
In base 10, what is 1665066 - -5?
1665071
In base 6, what is -45421 + 114?
-45303
In base 5, what is -200031 - -1203?
-143323
In base 11, what is -5400 - -1?
-53aa
In base 9, what is -28705 + -64?
-28770
In base 11, what is 5 - 71847?
-71842
In base 4, what is -33021222 - 13?
-33021301
In base 6, what is 1535112 + -3?
1535105
In base 15, what is 1a16 + -13d?
18c8
In base 11, what is -1a7 + -8001?
-81a8
In base 12, what is -1 - -20930?
2092b
In base 11, what is 37 - -637?
673
In base 3, what is 112 + 120220001?
120220120
In base 12, what is 57a8 + -4a?
575a
In base 12, what is 228b3 + -3?
228b0
In base 5, what is -1321 - -303103?
301232
In base 15, what is -2ccc - -68?
-2c64
In base 6, what is 1 - 14214254?
-14214253
In base 4, what is 111202 + 302?
112110
In base 5, what is 3 + 4220301?
4220304
In base 8, what is 44 - -50074?
50140
In base 5, what is -11212 + -4204?
-20421
In base 12, what is 177029 - -3?
177030
In base 2, what is 1001011000000110011 + 100?
1001011000000110111
In base 13, what is 16 + 79172?
79188
In base 6, what is 23305410 - 2?
23305404
In base 14, what is -23c39 - a?
-23c45
In base 14, what is -5 - -5870?
5869
In base 5, what is -14131422 + 3?
-14131414
In base 6, what is 153203 + 11?
153214
In base 3, what is -2010120011 + -11?
-2010120022
In base 3, what is -2001001 - 2?
-2001010
In base 6, what is 2435 + -25245?
-22410
In base 16, what is -e54 + -a?
-e5e
In base 15, what is -4 + 18d5a?
18d56
In base 9, what is -337 + 4278?
3841
In base 13, what is -1778 + 5?
-1773
In base 5, what is 30312132 + 2?
30312134
In base 14, what is 2 - 301b?
-3019
In base 16, what is 1433e + f?
1434d
In base 10, what is 376492 - 5?
376487
In base 7, what is 1 - 10664?
-